. Let c be n(u). Calculate g(c).
-12
Let f(c) = 6*c - 49. Let t be f(9). Suppose -7 = -4*g - d, -1 + t = g - 2*d. Let p(i) = 115*i - i**g - 235*i + 114*i. What is p(-7)?
-7
Let p(c) = c**2 - 13*c - 8. Suppose 79*s - 252 = 61*s. Determine p(s).
6
Let x(c) = c. Let u(k) = 16*k - 1. Suppose -4*i - 5*t + 19 = 0, 4 - 12 = i - 3*t. Let p be u(i). Let m be ((-40)/25)/(((-24)/p)/4). Calculate x(m).
4
Let r(u) = -6*u**3 + 82*u**2 + 339*u + 12. Let w be r(17). Let i(h) = -8*h + 8. Let f(j) = -1. Let v(y) = 3*f(y) + i(y). What is v(w)?
45
Let r(a) be the second derivative of a**5/20 + 7*a**4/4 + 2*a**3/3 + 81*a**2/2 - 399*a. What is r(-21)?
-3
Let p(d) be the second derivative of d**4/12 - 5*d**3/3 + 4*d**2 + 14*d. Let c be 4*20/10 - 0. Calculate p(c).
-8
Let u(q) = -q - 8*q + 3*q. Suppose 28*p + 97 = 13. What is u(p)?
18
Let h(q) = 15*q**2 - 3*q - 9. Let m(n) be the second derivative of -n**4/12 + n**3/6 + n**2 + 46*n. Let p(g) = h(g) + 6*m(g). What is p(-2)?
33
Let l be 8/(-12) + 0 + (224/21 - 1). Let c(v) = -v**3 + 7*v**2 + 14*v - 6. What is c(l)?
-42
Let p(l) = -3*l**2 - 9*l + 4. Let h = -1383 + 1379. Calculate p(h).
-8
Suppose 3*p + 2*p - 8 = 2*c, 0 = -5*c + 3*p - 20. Let y(h) be the second derivative of h**4/12 - h**3/3 - 3*h**2/2 - 5012*h. What is y(c)?
21
Let y(i) = 38 - 168*i**2 - 11*i - 26 + 28 + 167*i**2. Determine y(-10).
50
Let t(v) = -11 - 9415*v - 5 + 9425*v. What is t(3)?
14
Let q(d) = -d**2 + 2. Let f be q(0). Let c be 1*-2*(-11)/(88/16). Let i(m) = 8 + 2*m - c + f. Give i(-6).
-6
Let x(s) be the third derivative of s**4/24 - 9*s**3 - 193*s**2 - 2. What is x(-25)?
-79
Let y(p) be the third derivative of -p**5/60 + p**4/24 + p**3/3 + p**2. Suppose 48*w + 71*w - 612 = -85*w. What is y(w)?
-4
Let m be 21 - ((3 + (-12)/(-6))/1 - 8). Let t(q) = -q**2 + 20*q + 91. What is t(m)?
-5
Let l(m) = -m**2 + 2*m - 10. Let s be (-8942)/(-10) - 25/125. Let z = -894 + s. Give l(z).
-10
Let w(l) = 3*l - 1. Let i be (5/2)/((-6)/(-96)*8). Suppose 0 = -5*j + 2*q - 7, -4*j - i = -q + 3. Calculate w(j).
-10
Let l(b) = -5*b - 331*b**2 - 4*b**3 + 14*b - 12 + 314*b**2. Give l(-5).
18
Let i(b) = b**2 + 27*b + 126. Let z be i(-5). Let h(t) = t**2 - 22*t + 99. Determine h(z).
3
Let y(p) = -7*p**3 - 16*p**2 + 24*p + 23. Let g(h) = -16*h**3 - 32*h**2 + 45*h + 47. Let a(d) = -4*g(d) + 9*y(d). Calculate a(13).
-20
Let r be -2 - (1 - 7)/6. Let k(h) = -2*h**3 + h**2 + 2*h - 10. Let f(m) = -3*m**3 + m**2 + 3*m - 13. Let p(q) = -3*f(q) + 4*k(q). Give p(r).
0
Let j(s) be the second derivative of -s**4/12 + 8*s**3/3 - 20*s**2 + 5*s + 111. Calculate j(12).
8
Let h = -2875 + 2878. Let z(w) = 14*w - 38. What is z(h)?
4
Let z(x) = 4*x + 16. Let a be z(-5). Suppose 3*w - 3*o + 2*o - 3 = 0, 2*w + 3*o - 13 = 0. Let q(h) = 6 + h + 3*h + 0*h + w*h. Give q(a).
-18
Let n(i) = -12*i. Let c(d) = 77 + d**2 + d + 41*d + 39. Let g be c(-39). What is n(g)?
12
Let a(k) = -1712*k**2 + 2 + 571*k**2 + 561*k**2 + 547*k**2. What is a(-1)?
-31
Let i(h) = 46*h + 5. Let r(v) = 7*v - 3. Let s(p) = i(p) + r(p). Calculate s(-1).
-51
Let x(w) = -79*w**2 - 4*w - 81. Let z(q) = -250*q**2 - 9*q - 245. Let f(t) = -19*x(t) + 6*z(t). What is f(-22)?
69
Suppose 17*x + 720 = 62*x. Let q(t) be the second derivative of -2/3*t**3 + 0 - 1/2*t**2 - x*t. Calculate q(-2).
7
Let q(s) = 9*s. Let i = 95 + -91. Let u(a) = -2*a. Let d(t) = i*u(t) + q(t). Suppose 0*c - 20 = -4*c, 4*n - 2*c - 2 = 0. What is d(n)?
3
Let n(r) = -r**3 - 4*r**2 + r + 1. Let u(z) = -z**3 - 18*z**2 + 58*z + 354. Let s be u(-20). What is n(s)?
67
Suppose 2*b - 2*g = 82, 0 = -b - 4*b + 4*g + 204. Let r be (b/(-50))/((-3)/45). Let d(m) = m**3 - 12*m**2 + m - 17. Calculate d(r).
-5
Let b(n) = 136 + 25*n + 268*n**2 + n + n**3 - 262*n**2 - 2*n. Give b(-6).
-8
Suppose 5*u - 4*b - 21 = 0, 9*u - 5*u - 2*b = 18. Let y(x) = -12 + 2*x - 2 + 9 - 2. Calculate y(u).
3
Let y(x) = -x**3 - 9*x**2 + x + 6. Let c(b) = 2*b**2 + 26*b + 29. Let h be c(-12). Suppose h*p - 3*k + 30 = 0, -2*k + 1 = 11. Determine y(p).
-3
Let d(f) = -7*f**3 + 1. Let w(p) = -5*p**2 - 11*p + 1. Let u(r) = 26*r**2 + 56*r - 6. Let t(q) = -2*u(q) - 11*w(q). Let b be t(-3). Calculate d(b).
-6
Let i(k) = -1462*k**2 - 2*k**3 + 3*k**3 - 1460*k**2 + 2925*k**2 - 4*k - 10. Determine i(-3).
2
Suppose 20*s - 2180 = -2120. Let w(o) be the second derivative of -o**7/2520 - o**5/30 - o**4/12 + 6*o. Let f(a) be the third derivative of w(a). What is f(s)?
-13
Let r(b) = -955*b - 951*b + 3 + 1 - 9 - 3 + 1907*b. Suppose -6 = q + 1. Give r(q).
-15
Let d(b) = b**2 - 2*b - 77. Suppose 2*j = -56*v + 58*v - 28, 5*v - 50 = j. Calculate d(v).
-14
Let s(d) = -d**2 + 4*d - 3. Let w be ((-10)/14)/(11 + (-156)/14). Suppose -w*v + 9 = -3*j, j = -4*v + 20 - 6. Determine s(j).
1
Let k(a) = 44*a - 87*a + 0*a**2 + 5 - 3 + a**2 + 42*a. Suppose 10 = z + 4*z. Determine k(z).
4
Let r(a) = -2*a - 1. Suppose 2*d = -3*p - 0*d + 26, -p - 10 = -4*d. Suppose p*g = -7 + 25. Suppose -g*m - 6 = 5*k + 8, -5*m - 3*k - 2 = 0. Determine r(m).
-5
Let x(m) be the second derivative of -m**6/360 + m**5/12 - m**4/12 - 5*m**3/2 - 15*m - 2. Let q(y) be the second derivative of x(y). Calculate q(7).
19
Let h be (-2)/32*2 - 970/(-80). Let u(a) = -8*a - 12*a + 25*a - h*a. Let r be ((-2)/(-6))/((-2)/(-6)). What is u(r)?
-7
Suppose -5412 = 276*t - 440*t. Let a(r) = r**3 - 33*r**2 + 4*r - 126. Give a(t).
6
Suppose 2*f - b = 1, -3*f + 21 = -19*b + 24*b. Let c(d) = f*d + 18*d**2 - 928 - d + 927. What is c(1)?
18
Let s be -1 - (-12)/(168/70). Let p(n) = -n**2 + 8*n - 8. Calculate p(s).
8
Let v(b) = -b**3 - 4*b**2 - 3*b - 5. Suppose 0 = -z - 2*y + 6, -y - y + 10 = 3*z. Let l be (22/(-12))/(z/(-12)). Suppose l*a - 6*a = -20. Give v(a).
7
Let s = 304 + -326. Let f(c) = c**3 + 21*c**2 - 23*c - 13. Calculate f(s).
9
Suppose -8*i + 11*i = 15. Suppose -43 = i*t + 4*l + 210, -3*l + 43 = -t. Let f = t + 46. Let s(h) = -2*h**2 + 2*h. Determine s(f).
-24
Let v(f) be the second derivative of f**5/20 + f**4 + 3*f**3 + 15*f**2 - 3496*f + 2. Calculate v(-10).
50
Let t be -1*1*(7 + -1). Let y(g) be the first derivative of -g**5/20 - g**4/2 - 3*g - 87. Let h(q) be the first derivative of y(q). Determine h(t).
0
Let o(s) = -274*s - 13 - 186*s - s**2 + 483*s. Give o(17).
89
Let i(y) = 3*y + 4*y - 6*y - 85 + 84. Suppose 0 = -21*v + 22*v + 28. Let w be (-6)/(-36)*v + 4/6. What is i(w)?
-5
Let a(r) = 51*r - 1 + 22*r + 2*r**3 + 34*r - 4*r**2 - 108*r + 0. What is a(-1)?
-6
Let v(r) = -2*r - 1. Let z be v(2). Let s(y) = y**3 - 8*y**2 + 15*y - 12. Let q be s(6). Let i(b) = -4 + b**3 - 10 + 6*b**2 + q*b + 0*b**3 + 10. Give i(z).
-9
Let g(q) = -8*q - 7 - 2 + 5 + 2*q - q**2 - 4*q. Determine g(-10).
-4
Let s(r) = -r**2 + 4*r - 1. Let x be s(4). Let v(m) = -m**2 - 2*m + 4. Let g be v(-2). Let t(l) = 597 + 589 - 1187 + g*l**2. Determine t(x).
3
Let t(a) = a**2 - 9. Let o be (-392)/(-63) + 4/(-18). Suppose 0 = -5*q - 3*x + o, q + 2*x = 2*q - 9. Suppose 4*n - q*n = -5*n. Calculate t(n).
-9
Let x = -2635 - -2636. Let l(w) = w + 4. Give l(x).
5
Let b(y) = -1. Let d(m) = 5*m - 12. Let s(r) = 6*b(r) - d(r). Let p(t) = 155 + 6*t - 83 - 79. Let k(l) = -4*p(l) - 5*s(l). Give k(2).
0
Let d(h) = 1 - 1 + 141*h**3 - 8*h - 6 - 8*h**2 - 142*h**3. Let c(j) = 6*j**2 + 3*j - 3. Let v be c(2). Suppose v = -5*r + 7, -4*s + 3*r = 16. Give d(s).
1
Let l be (-1)/2 + 7/(-2). Let p(x) = -378*x**3 - 3*x + 129*x**3 + 120*x**3 + 128*x**3 + 8*x - 2*x**2. Determine p(l).
12
Let y(i) = i + 9. Let d(k) = 8. Let n(p) = 4*d(p) - 3*y(p). Let t(x) = -6*x + 10. Let g(l) = -5*n(l) + 3*t(l). Let c = 64 + -58. Give g(c).
-13
Let g(u) = -u**2 + 5*u + 8. Let x be g(5). Let w(o) be the first derivative of 3*o**2/2 - 5*o + 139. Determine w(x).
19
Let x(g) = -72*g + 933. Let d be x(13). Let s(a) = -a**3 - 2*a**2 + 3*a. Give s(d).
0
Let g = 208 - 177. Let f(h) = -2*h + 5*h - 29 + g. Determine f(-4).
-10
Suppose 7*x - 40*x = -462. Suppose -x*i + 2*i + 96 = 0. Let p(u) = u**3 - 8*u**2 - 3*u + 16. What is p(i)?
-8
Let z(x) = -x**2 - 5*x + 10. Suppose 6*t - 790 = 4*t. Let f = -276 + t. Let w be 121/(-17) - (-14)/f. Determine z(w).
-4
Let n(w) = -w - 4. Let y be 28/4*(-276)/12. Let q = -170 - y. Give n(q).
5
Let h(j) be the second derivative of j**4/4 - 10*j**3/3 - 5*j**2/2 - j + 1866. Calculate h(11).
138
Let t(u) = -3*u**3 + 7*u**2 - 6*